{"id":701,"date":"2024-08-05T22:49:35","date_gmt":"2024-08-05T19:49:35","guid":{"rendered":"https:\/\/yesilinbaskenti.com.tr\/?page_id=701"},"modified":"2025-01-03T15:59:55","modified_gmt":"2025-01-03T12:59:55","slug":"yesil-alanlar","status":"publish","type":"page","link":"https:\/\/yesilinbaskenti.com.tr\/index.php\/yesil-alanlar\/","title":{"rendered":"Ye\u015fil Alanlar"},"content":{"rendered":"\t\t<div data-elementor-type=\"wp-page\" data-elementor-id=\"701\" class=\"elementor elementor-701\">\n\t\t\t\t\t\t<section class=\"elementor-section elementor-top-section elementor-element elementor-element-53c4a279 elementor-section-boxed elementor-section-height-default elementor-section-height-default\" data-id=\"53c4a279\" data-element_type=\"section\">\n\t\t\t\t\t\t<div class=\"elementor-container elementor-column-gap-default\">\n\t\t\t\t\t<div class=\"elementor-column elementor-col-100 elementor-top-column elementor-element elementor-element-819ea7\" data-id=\"819ea7\" data-element_type=\"column\">\n\t\t\t<div class=\"elementor-widget-wrap elementor-element-populated\">\n\t\t\t\t\t\t<div class=\"elementor-element elementor-element-5b84312e elementor-widget elementor-widget-gva-heading-block\" data-id=\"5b84312e\" data-element_type=\"widget\" data-widget_type=\"gva-heading-block.default\">\n\t\t\t\t<div class=\"elementor-widget-container\">\n\t\t\t<div class=\"gva-element-gva-heading-block gva-element\">   <div class=\"align-center style-1 widget gsc-heading box-align-left auto-responsive\">\r\n      <div class=\"content-inner\">\r\n         \r\n                  \r\n         <div class=\"sub-title\"><span class=\"tagline\">Ye\u015filin Ba\u015fkenti Ankara<\/span><\/div>  \r\n         \r\n                     <h2 class=\"title\">\r\n               <span>T\u00fcm Ye\u015fil Alanlar<\/span>\r\n            <\/h2>\r\n                  \r\n         \r\n         \r\n      <\/div>\r\n   <\/div>\r\n<\/div>\t\t<\/div>\n\t\t\t\t<\/div>\n\t\t\t\t\t<\/div>\n\t\t<\/div>\n\t\t\t\t\t<\/div>\n\t\t<\/section>\n\t\t\t\t<section class=\"elementor-section elementor-top-section elementor-element elementor-element-e07b5a8 elementor-section-boxed elementor-section-height-default elementor-section-height-default\" data-id=\"e07b5a8\" data-element_type=\"section\">\n\t\t\t\t\t\t<div class=\"elementor-container elementor-column-gap-default\">\n\t\t\t\t\t<div class=\"elementor-column elementor-col-100 elementor-top-column elementor-element elementor-element-fc6cfec\" data-id=\"fc6cfec\" data-element_type=\"column\">\n\t\t\t<div class=\"elementor-widget-wrap elementor-element-populated\">\n\t\t\t\t\t\t<div class=\"elementor-element elementor-element-48b771c elementor-widget elementor-widget-gva-posts\" data-id=\"48b771c\" data-element_type=\"widget\" data-widget_type=\"gva-posts.default\">\n\t\t\t\t<div class=\"elementor-widget-container\">\n\t\t\t<div class=\"gva-element-gva-posts gva-element\">  \r\n  <div class=\"gva-posts-grid clearfix gva-posts\">\r\n\t\t<div class=\"gva-content-items\"> \r\n\t\t  <div class=\"lg-block-grid-3 md-block-grid-3 sm-block-grid-2 xs-block-grid-1 xx-block-grid-1\">\r\n\t\t\t <div class=\"item-columns\"><article class=\"post-1914 post type-post status-publish format-standard has-post-thumbnail hentry category-elmadag category-ilceler category-parklar category-yesil-alan-ve-cevre\">\r\n   <div class=\"post post-one__single has-thumbnail\">\r\n      <div class=\"post-one__wrap\">\r\n         <div class=\"post-one__thumbnail\"><a href=\"https:\/\/yesilinbaskenti.com.tr\/index.php\/2025\/01\/03\/elmadag-kurtulus-kibar-sokak-adalarin-karsisinda-kalan-alan-vahit-cansever-parki\/\"><img fetchpriority=\"high\" decoding=\"async\" width=\"550\" height=\"660\" src=\"https:\/\/yesilinbaskenti.com.tr\/wp-content\/uploads\/2025\/01\/DJI_0021-550x660.jpg\" class=\"attachment-gowilds_medium size-gowilds_medium wp-post-image\" alt=\"ELMADA\u011e KURTULU\u015e K\u0130BAR SOKAK ADALARIN KAR\u015eISINDA KALAN ALAN (VAH\u0130T CANSEVER PARKI)\" \/><\/a><div class=\"entry-date\"><span class=\"date\">03<\/span><span class=\"month\">Oca<\/span><\/div><\/div>       \r\n         <div class=\"post-one__content\">\r\n            <div class=\"post-one__category\"><span class=\"cat-links\"><a href=\"https:\/\/yesilinbaskenti.com.tr\/index.php\/category\/ilceler\/elmadag\/\" rel=\"category tag\">Elmada\u011f<\/a>, <a href=\"https:\/\/yesilinbaskenti.com.tr\/index.php\/category\/ilceler\/\" rel=\"category tag\">\u0130l\u00e7eler<\/a>, <a href=\"https:\/\/yesilinbaskenti.com.tr\/index.php\/category\/parklar\/\" rel=\"category tag\">Parklar<\/a>, <a href=\"https:\/\/yesilinbaskenti.com.tr\/index.php\/category\/yesil-alan-ve-cevre\/\" rel=\"category tag\">Ye\u015fil Alan ve \u00c7evre<\/a><\/span><\/div>            <div class=\"post-one__content-inner\">\r\n               \r\n               <div class=\"post-one__meta\">\r\n                  <div class=\"clearfix meta-inline post-meta-1\"><span class=\"author vcard\"><i class=\"fas fa-user-circle\"><\/i>merve<\/span><span class=\"post-comment\"><i class=\"fas fa-comments\"><\/i>0 Comments<\/span><\/div>               <\/div> \r\n               <h3 class=\"post-one__title\"><a href=\"https:\/\/yesilinbaskenti.com.tr\/index.php\/2025\/01\/03\/elmadag-kurtulus-kibar-sokak-adalarin-karsisinda-kalan-alan-vahit-cansever-parki\/\" rel=\"bookmark\">ELMADA\u011e KURTULU\u015e K\u0130BAR SOKAK ADALARIN KAR\u015eISINDA KALAN ALAN (VAH\u0130T CANSEVER PARKI)<\/a><\/h3>\r\n               <div class=\"post-one__desc\">3.000 Metrekare alanda Meydan ve spor alan\u0131 bulunmaktad\u0131r.<\/div>               <div class=\"post-one__bottom\">\r\n                  <a class=\"post-one__read-more\" href=\"https:\/\/yesilinbaskenti.com.tr\/index.php\/2025\/01\/03\/elmadag-kurtulus-kibar-sokak-adalarin-karsisinda-kalan-alan-vahit-cansever-parki\/\">\r\n                    Read More                    <i class=\"fa-solid fa-arrow-right\"><\/i>\r\n                  <\/a>\r\n               <\/div>\r\n            <\/div>\r\n         <\/div>\r\n      <\/div>   \r\n   <\/div>   \r\n<\/article><\/div><div class=\"item-columns\"><article class=\"post-1900 post type-post status-publish format-standard has-post-thumbnail hentry category-elmadag category-ilceler category-parklar category-yesil-alan-ve-cevre\">\r\n   <div class=\"post post-one__single has-thumbnail\">\r\n      <div class=\"post-one__wrap\">\r\n         <div class=\"post-one__thumbnail\"><a href=\"https:\/\/yesilinbaskenti.com.tr\/index.php\/2025\/01\/03\/elmadag-ismetpasa-parki-2\/\"><img decoding=\"async\" width=\"550\" height=\"660\" src=\"https:\/\/yesilinbaskenti.com.tr\/wp-content\/uploads\/2025\/01\/DJI_0017-550x660.jpg\" class=\"attachment-gowilds_medium size-gowilds_medium wp-post-image\" alt=\"ELMADA\u011e \u0130SMETPA\u015eA PARKI\" \/><\/a><div class=\"entry-date\"><span class=\"date\">03<\/span><span class=\"month\">Oca<\/span><\/div><\/div>       \r\n         <div class=\"post-one__content\">\r\n            <div class=\"post-one__category\"><span class=\"cat-links\"><a href=\"https:\/\/yesilinbaskenti.com.tr\/index.php\/category\/ilceler\/elmadag\/\" rel=\"category tag\">Elmada\u011f<\/a>, <a href=\"https:\/\/yesilinbaskenti.com.tr\/index.php\/category\/ilceler\/\" rel=\"category tag\">\u0130l\u00e7eler<\/a>, <a href=\"https:\/\/yesilinbaskenti.com.tr\/index.php\/category\/parklar\/\" rel=\"category tag\">Parklar<\/a>, <a href=\"https:\/\/yesilinbaskenti.com.tr\/index.php\/category\/yesil-alan-ve-cevre\/\" rel=\"category tag\">Ye\u015fil Alan ve \u00c7evre<\/a><\/span><\/div>            <div class=\"post-one__content-inner\">\r\n               \r\n               <div class=\"post-one__meta\">\r\n                  <div class=\"clearfix meta-inline post-meta-1\"><span class=\"author vcard\"><i class=\"fas fa-user-circle\"><\/i>merve<\/span><span class=\"post-comment\"><i class=\"fas fa-comments\"><\/i>0 Comments<\/span><\/div>               <\/div> \r\n               <h3 class=\"post-one__title\"><a href=\"https:\/\/yesilinbaskenti.com.tr\/index.php\/2025\/01\/03\/elmadag-ismetpasa-parki-2\/\" rel=\"bookmark\">ELMADA\u011e \u0130SMETPA\u015eA PARKI<\/a><\/h3>\r\n               <div class=\"post-one__desc\">11.525 Metrekare alanda \u00c7ocuk Oyun Alan\u0131, Oturma Dinlenme Alanlar\u0131, Y\u00fcr\u00fcy\u00fc\u015f Yolu, Nil\u00fcfer Havuzu, Fitness Alan\u0131<\/div>               <div class=\"post-one__bottom\">\r\n                  <a class=\"post-one__read-more\" href=\"https:\/\/yesilinbaskenti.com.tr\/index.php\/2025\/01\/03\/elmadag-ismetpasa-parki-2\/\">\r\n                    Read More                    <i class=\"fa-solid fa-arrow-right\"><\/i>\r\n                  <\/a>\r\n               <\/div>\r\n            <\/div>\r\n         <\/div>\r\n      <\/div>   \r\n   <\/div>   \r\n<\/article><\/div><div class=\"item-columns\"><article class=\"post-1893 post type-post status-publish format-standard has-post-thumbnail hentry category-cankaya category-ilceler category-parklar category-yesil-alan-ve-cevre\">\r\n   <div class=\"post post-one__single has-thumbnail\">\r\n      <div class=\"post-one__wrap\">\r\n         <div class=\"post-one__thumbnail\"><a href=\"https:\/\/yesilinbaskenti.com.tr\/index.php\/2025\/01\/03\/cankaya-yildizevler-mahallesi-737-sokak-28043-1-ada-onu-park-yapim-isi\/\"><img decoding=\"async\" width=\"550\" height=\"660\" src=\"https:\/\/yesilinbaskenti.com.tr\/wp-content\/uploads\/2025\/01\/2-1-550x660.jpg\" class=\"attachment-gowilds_medium size-gowilds_medium wp-post-image\" alt=\"\u00c7ANKAYA YILDIZEVLER MAHALLES\u0130 737. SOKAK 28043\/1 ADA \u00d6N\u00dc PARK YAPIM \u0130\u015e\u0130\" \/><\/a><div class=\"entry-date\"><span class=\"date\">03<\/span><span class=\"month\">Oca<\/span><\/div><\/div>       \r\n         <div class=\"post-one__content\">\r\n            <div class=\"post-one__category\"><span class=\"cat-links\"><a href=\"https:\/\/yesilinbaskenti.com.tr\/index.php\/category\/ilceler\/cankaya\/\" rel=\"category tag\">\u00c7ankaya<\/a>, <a href=\"https:\/\/yesilinbaskenti.com.tr\/index.php\/category\/ilceler\/\" rel=\"category tag\">\u0130l\u00e7eler<\/a>, <a href=\"https:\/\/yesilinbaskenti.com.tr\/index.php\/category\/parklar\/\" rel=\"category tag\">Parklar<\/a>, <a href=\"https:\/\/yesilinbaskenti.com.tr\/index.php\/category\/yesil-alan-ve-cevre\/\" rel=\"category tag\">Ye\u015fil Alan ve \u00c7evre<\/a><\/span><\/div>            <div class=\"post-one__content-inner\">\r\n               \r\n               <div class=\"post-one__meta\">\r\n                  <div class=\"clearfix meta-inline post-meta-1\"><span class=\"author vcard\"><i class=\"fas fa-user-circle\"><\/i>merve<\/span><span class=\"post-comment\"><i class=\"fas fa-comments\"><\/i>0 Comments<\/span><\/div>               <\/div> \r\n               <h3 class=\"post-one__title\"><a href=\"https:\/\/yesilinbaskenti.com.tr\/index.php\/2025\/01\/03\/cankaya-yildizevler-mahallesi-737-sokak-28043-1-ada-onu-park-yapim-isi\/\" rel=\"bookmark\">\u00c7ANKAYA YILDIZEVLER MAHALLES\u0130 737. SOKAK 28043\/1 ADA \u00d6N\u00dc PARK YAPIM \u0130\u015e\u0130<\/a><\/h3>\r\n               <div class=\"post-one__desc\">6.305 Metrekare alanda Oturma-Dinlenme Alanlar\u0131, \u00c7ocuk Oyun Alan\u0131, T\u0131bbi Aromatik Bitki Seyir Alan\u0131, G\u00fcl Bah\u00e7eleri<\/div>               <div class=\"post-one__bottom\">\r\n                  <a class=\"post-one__read-more\" href=\"https:\/\/yesilinbaskenti.com.tr\/index.php\/2025\/01\/03\/cankaya-yildizevler-mahallesi-737-sokak-28043-1-ada-onu-park-yapim-isi\/\">\r\n                    Read More                    <i class=\"fa-solid fa-arrow-right\"><\/i>\r\n                  <\/a>\r\n               <\/div>\r\n            <\/div>\r\n         <\/div>\r\n      <\/div>   \r\n   <\/div>   \r\n<\/article><\/div><div class=\"item-columns\"><article class=\"post-1887 post type-post status-publish format-standard has-post-thumbnail hentry category-cankaya category-ilceler category-parklar category-yesil-alan-ve-cevre\">\r\n   <div class=\"post post-one__single has-thumbnail\">\r\n      <div class=\"post-one__wrap\">\r\n         <div class=\"post-one__thumbnail\"><a href=\"https:\/\/yesilinbaskenti.com.tr\/index.php\/2025\/01\/03\/cankaya-yasamkent-huner-sitesi-onu-park-alani\/\"><img loading=\"lazy\" decoding=\"async\" width=\"550\" height=\"660\" src=\"https:\/\/yesilinbaskenti.com.tr\/wp-content\/uploads\/2025\/01\/1-2-550x660.jpg\" class=\"attachment-gowilds_medium size-gowilds_medium wp-post-image\" alt=\"\u00c7ANKAYA YA\u015eAMKENT H\u00dcNER S\u0130TES\u0130 \u00d6N\u00dc PARK ALANI\" \/><\/a><div class=\"entry-date\"><span class=\"date\">03<\/span><span class=\"month\">Oca<\/span><\/div><\/div>       \r\n         <div class=\"post-one__content\">\r\n            <div class=\"post-one__category\"><span class=\"cat-links\"><a href=\"https:\/\/yesilinbaskenti.com.tr\/index.php\/category\/ilceler\/cankaya\/\" rel=\"category tag\">\u00c7ankaya<\/a>, <a href=\"https:\/\/yesilinbaskenti.com.tr\/index.php\/category\/ilceler\/\" rel=\"category tag\">\u0130l\u00e7eler<\/a>, <a href=\"https:\/\/yesilinbaskenti.com.tr\/index.php\/category\/parklar\/\" rel=\"category tag\">Parklar<\/a>, <a href=\"https:\/\/yesilinbaskenti.com.tr\/index.php\/category\/yesil-alan-ve-cevre\/\" rel=\"category tag\">Ye\u015fil Alan ve \u00c7evre<\/a><\/span><\/div>            <div class=\"post-one__content-inner\">\r\n               \r\n               <div class=\"post-one__meta\">\r\n                  <div class=\"clearfix meta-inline post-meta-1\"><span class=\"author vcard\"><i class=\"fas fa-user-circle\"><\/i>merve<\/span><span class=\"post-comment\"><i class=\"fas fa-comments\"><\/i>0 Comments<\/span><\/div>               <\/div> \r\n               <h3 class=\"post-one__title\"><a href=\"https:\/\/yesilinbaskenti.com.tr\/index.php\/2025\/01\/03\/cankaya-yasamkent-huner-sitesi-onu-park-alani\/\" rel=\"bookmark\">\u00c7ANKAYA YA\u015eAMKENT H\u00dcNER S\u0130TES\u0130 \u00d6N\u00dc PARK ALANI<\/a><\/h3>\r\n               <div class=\"post-one__desc\">2.850 Metrekare hali haz\u0131rdaki park alan\u0131nda Oturma Dinlenme Alanlar\u0131, Y\u00fcr\u00fcy\u00fc\u015f Yollar\u0131, Fitness alanlar\u0131 yap\u0131lm\u0131\u015ft\u0131r.<\/div>               <div class=\"post-one__bottom\">\r\n                  <a class=\"post-one__read-more\" href=\"https:\/\/yesilinbaskenti.com.tr\/index.php\/2025\/01\/03\/cankaya-yasamkent-huner-sitesi-onu-park-alani\/\">\r\n                    Read More                    <i class=\"fa-solid fa-arrow-right\"><\/i>\r\n                  <\/a>\r\n               <\/div>\r\n            <\/div>\r\n         <\/div>\r\n      <\/div>   \r\n   <\/div>   \r\n<\/article><\/div><div class=\"item-columns\"><article class=\"post-1881 post type-post status-publish format-standard has-post-thumbnail hentry category-cankaya category-ilceler category-parklar category-yesil-alan-ve-cevre\">\r\n   <div class=\"post post-one__single has-thumbnail\">\r\n      <div class=\"post-one__wrap\">\r\n         <div class=\"post-one__thumbnail\"><a href=\"https:\/\/yesilinbaskenti.com.tr\/index.php\/2025\/01\/03\/cankaya-umitkoy-mah-meksika-cad-2449-sokak-park-alani-caglayan-ustu\/\"><img loading=\"lazy\" decoding=\"async\" width=\"550\" height=\"660\" src=\"https:\/\/yesilinbaskenti.com.tr\/wp-content\/uploads\/2025\/01\/DJI_0895-550x660.jpg\" class=\"attachment-gowilds_medium size-gowilds_medium wp-post-image\" alt=\"\u00c7ANKAYA \u00dcMITK\u00d6Y MAH. MEKSIKA CAD. 2449. SOKAK PARK ALANI (\u00c7A\u011eLAYAN \u00dcST\u00dc)\" \/><\/a><div class=\"entry-date\"><span class=\"date\">03<\/span><span class=\"month\">Oca<\/span><\/div><\/div>       \r\n         <div class=\"post-one__content\">\r\n            <div class=\"post-one__category\"><span class=\"cat-links\"><a href=\"https:\/\/yesilinbaskenti.com.tr\/index.php\/category\/ilceler\/cankaya\/\" rel=\"category tag\">\u00c7ankaya<\/a>, <a href=\"https:\/\/yesilinbaskenti.com.tr\/index.php\/category\/ilceler\/\" rel=\"category tag\">\u0130l\u00e7eler<\/a>, <a href=\"https:\/\/yesilinbaskenti.com.tr\/index.php\/category\/parklar\/\" rel=\"category tag\">Parklar<\/a>, <a href=\"https:\/\/yesilinbaskenti.com.tr\/index.php\/category\/yesil-alan-ve-cevre\/\" rel=\"category tag\">Ye\u015fil Alan ve \u00c7evre<\/a><\/span><\/div>            <div class=\"post-one__content-inner\">\r\n               \r\n               <div class=\"post-one__meta\">\r\n                  <div class=\"clearfix meta-inline post-meta-1\"><span class=\"author vcard\"><i class=\"fas fa-user-circle\"><\/i>merve<\/span><span class=\"post-comment\"><i class=\"fas fa-comments\"><\/i>0 Comments<\/span><\/div>               <\/div> \r\n               <h3 class=\"post-one__title\"><a href=\"https:\/\/yesilinbaskenti.com.tr\/index.php\/2025\/01\/03\/cankaya-umitkoy-mah-meksika-cad-2449-sokak-park-alani-caglayan-ustu\/\" rel=\"bookmark\">\u00c7ANKAYA \u00dcMITK\u00d6Y MAH. MEKSIKA CAD. 2449. SOKAK PARK ALANI (\u00c7A\u011eLAYAN \u00dcST\u00dc)<\/a><\/h3>\r\n               <div class=\"post-one__desc\">4.500 Metrekare alanda Oturma Dinlenme Alanlar\u0131, \u00c7ocuk Oyun Alanlar\u0131, Y\u00fcr\u00fcy\u00fc\u015f Yollar\u0131, Fitness Alanlar\u0131, Basketbol Sahas\u0131<\/div>               <div class=\"post-one__bottom\">\r\n                  <a class=\"post-one__read-more\" href=\"https:\/\/yesilinbaskenti.com.tr\/index.php\/2025\/01\/03\/cankaya-umitkoy-mah-meksika-cad-2449-sokak-park-alani-caglayan-ustu\/\">\r\n                    Read More                    <i class=\"fa-solid fa-arrow-right\"><\/i>\r\n                  <\/a>\r\n               <\/div>\r\n            <\/div>\r\n         <\/div>\r\n      <\/div>   \r\n   <\/div>   \r\n<\/article><\/div><div class=\"item-columns\"><article class=\"post-1875 post type-post status-publish format-standard has-post-thumbnail hentry category-cankaya category-ilceler category-yesil-alan-ve-cevre\">\r\n   <div class=\"post post-one__single has-thumbnail\">\r\n      <div class=\"post-one__wrap\">\r\n         <div class=\"post-one__thumbnail\"><a href=\"https:\/\/yesilinbaskenti.com.tr\/index.php\/2025\/01\/03\/cankaya-cevre-koruma-ve-kontrol-dairesi-baskanligi-karsisi\/\"><img loading=\"lazy\" decoding=\"async\" width=\"550\" height=\"660\" src=\"https:\/\/yesilinbaskenti.com.tr\/wp-content\/uploads\/2025\/01\/DJI_0492-550x660.jpg\" class=\"attachment-gowilds_medium size-gowilds_medium wp-post-image\" alt=\"\u00c7ANKAYA \u00c7EVRE KORUMA ve KONTROL DA\u0130RES\u0130 BA\u015eKANLI\u011eI KAR\u015eISI\" \/><\/a><div class=\"entry-date\"><span class=\"date\">03<\/span><span class=\"month\">Oca<\/span><\/div><\/div>       \r\n         <div class=\"post-one__content\">\r\n            <div class=\"post-one__category\"><span class=\"cat-links\"><a href=\"https:\/\/yesilinbaskenti.com.tr\/index.php\/category\/ilceler\/cankaya\/\" rel=\"category tag\">\u00c7ankaya<\/a>, <a href=\"https:\/\/yesilinbaskenti.com.tr\/index.php\/category\/ilceler\/\" rel=\"category tag\">\u0130l\u00e7eler<\/a>, <a href=\"https:\/\/yesilinbaskenti.com.tr\/index.php\/category\/yesil-alan-ve-cevre\/\" rel=\"category tag\">Ye\u015fil Alan ve \u00c7evre<\/a><\/span><\/div>            <div class=\"post-one__content-inner\">\r\n               \r\n               <div class=\"post-one__meta\">\r\n                  <div class=\"clearfix meta-inline post-meta-1\"><span class=\"author vcard\"><i class=\"fas fa-user-circle\"><\/i>merve<\/span><span class=\"post-comment\"><i class=\"fas fa-comments\"><\/i>0 Comments<\/span><\/div>               <\/div> \r\n               <h3 class=\"post-one__title\"><a href=\"https:\/\/yesilinbaskenti.com.tr\/index.php\/2025\/01\/03\/cankaya-cevre-koruma-ve-kontrol-dairesi-baskanligi-karsisi\/\" rel=\"bookmark\">\u00c7ANKAYA \u00c7EVRE KORUMA ve KONTROL DA\u0130RES\u0130 BA\u015eKANLI\u011eI KAR\u015eISI<\/a><\/h3>\r\n               <div class=\"post-one__desc\">9.100 Metrekare alanda Oturma-Dinlenme Alanlar\u0131, Kaya Bah\u00e7esi yap\u0131larak kullan\u0131ma a\u00e7\u0131lm\u0131\u015ft\u0131r.<\/div>               <div class=\"post-one__bottom\">\r\n                  <a class=\"post-one__read-more\" href=\"https:\/\/yesilinbaskenti.com.tr\/index.php\/2025\/01\/03\/cankaya-cevre-koruma-ve-kontrol-dairesi-baskanligi-karsisi\/\">\r\n                    Read More                    <i class=\"fa-solid fa-arrow-right\"><\/i>\r\n                  <\/a>\r\n               <\/div>\r\n            <\/div>\r\n         <\/div>\r\n      <\/div>   \r\n   <\/div>   \r\n<\/article><\/div>\t\t  <\/div>\r\n\t\t<\/div>\r\n\t\t\t\t\t <div class=\"pagination\">\r\n\t\t\t\t  <div class=\"column one pager_wrapper\"><div class=\"pager\"><div class=\"paginations\"><a href=\"https:\/\/yesilinbaskenti.com.tr\/index.php\/wp-json\/wp\/v2\/pages\/701\/\" class=\"page-item active\">1<\/a><a href=\"https:\/\/yesilinbaskenti.com.tr\/index.php\/wp-json\/wp\/v2\/pages\/701\/page\/2\/\" class=\"page-item\">2<\/a><a href=\"https:\/\/yesilinbaskenti.com.tr\/index.php\/wp-json\/wp\/v2\/pages\/701\/page\/3\/\" class=\"page-item\">3<\/a><span class=\"page-item\">... <\/span><a href=\"https:\/\/yesilinbaskenti.com.tr\/index.php\/wp-json\/wp\/v2\/pages\/701\/page\/27\/\" class=\"page-item\">27<\/a><a class=\"next_page\" href=\"https:\/\/yesilinbaskenti.com.tr\/index.php\/wp-json\/wp\/v2\/pages\/701\/page\/2\/\"><i class=\"fas fa-chevron-right\"><\/i><\/a><\/div><\/div><\/div>\n\t\t\t <\/div>\r\n\t\t  <\/div>\r\n  <\/div>\t\t<\/div>\n\t\t\t\t<\/div>\n\t\t\t\t\t<\/div>\n\t\t<\/div>\n\t\t\t\t\t<\/div>\n\t\t<\/section>\n\t\t\t\t<\/div>\n\t\t","protected":false},"excerpt":{"rendered":"<p>Ye\u015filin Ba\u015fkenti Ankara T\u00fcm Ye\u015fil Alanlar 06Eyl Alt\u0131nda\u011f, Altyap\u0131 Projeleri, \u0130l\u00e7eler, Kafeler, K\u00fclt\u00fcr ve Sanat Alanlar\u0131, Parklar, Ye\u015fil Alan ve \u00c7evre Latif0 Comments ULUS MEYDAN TASARIM PROJES\u0130 Cumhuriyet tarihimizin miras\u0131, Ankara\u2019m\u0131z\u0131n kalbi Ulus\u2019ta d\u00f6n\u00fc\u015f\u00fcm zaman\u0131\u2026&nbsp; B\u00fcy\u00fck\u015fehir Belediye Meclisinin karar\u0131 ile 100. Y\u0131l Read More 06Eyl \u0130l\u00e7eler, Parklar, Yenimahalle, Ye\u015fil Alan ve \u00c7evre Latif0 Comments YEN\u0130MAHALLE [&hellip;]<\/p>\n","protected":false},"author":1,"featured_media":0,"parent":0,"menu_order":0,"comment_status":"closed","ping_status":"closed","template":"elementor_header_footer","meta":{"footnotes":""},"class_list":["post-701","page","type-page","status-publish","hentry"],"_links":{"self":[{"href":"https:\/\/yesilinbaskenti.com.tr\/index.php\/wp-json\/wp\/v2\/pages\/701","targetHints":{"allow":["GET"]}}],"collection":[{"href":"https:\/\/yesilinbaskenti.com.tr\/index.php\/wp-json\/wp\/v2\/pages"}],"about":[{"href":"https:\/\/yesilinbaskenti.com.tr\/index.php\/wp-json\/wp\/v2\/types\/page"}],"author":[{"embeddable":true,"href":"https:\/\/yesilinbaskenti.com.tr\/index.php\/wp-json\/wp\/v2\/users\/1"}],"replies":[{"embeddable":true,"href":"https:\/\/yesilinbaskenti.com.tr\/index.php\/wp-json\/wp\/v2\/comments?post=701"}],"version-history":[{"count":21,"href":"https:\/\/yesilinbaskenti.com.tr\/index.php\/wp-json\/wp\/v2\/pages\/701\/revisions"}],"predecessor-version":[{"id":1906,"href":"https:\/\/yesilinbaskenti.com.tr\/index.php\/wp-json\/wp\/v2\/pages\/701\/revisions\/1906"}],"wp:attachment":[{"href":"https:\/\/yesilinbaskenti.com.tr\/index.php\/wp-json\/wp\/v2\/media?parent=701"}],"curies":[{"name":"wp","href":"https:\/\/api.w.org\/{rel}","templated":true}]}}